et t(c) = c**3 - 50*c**2 + 66*c - 57. What are the prime factors of t(49)?
2, 97
Suppose 3*o - 524 = 10051. What are the prime factors of o?
3, 5, 47
Let x = -11962 - -16989. What are the prime factors of x?
11, 457
Let o(b) = 3*b**3 - 269*b**2 + 180*b + 355. List the prime factors of o(89).
13, 41
Let p(s) = -2*s**3 - 2*s**2 - 4*s. Suppose v = -6 + 3. Let c be p(v). Suppose 0 = -2*t + 4*t - 4*b - c, -2*t = -5*b - 46. What are the prime factors of t?
2, 7
Let i(d) = -55*d**3 + d**2 + 3*d + 2. Let b be i(-1). Suppose 0 = -65*l + b*l + 11560. List the prime factors of l.
2, 17
Suppose -5 = -5*f, 2*n + 4*f - 624 = -120. Suppose n*p - 1860 = 245*p. List the prime factors of p.
2, 3, 31
Let q(k) = 4 - k**3 + 65*k - 52*k + 16*k**2 - 4*k**2. Let o be q(13). Suppose -h - 152 = -3*h + o*l, -5*l = 2*h - 188. List the prime factors of h.
2, 3, 7
Let c = -732 - -3036. What are the prime factors of c?
2, 3
Let b(n) = 2*n + 18. Let s be b(-7). Let t(w) = s*w + 0*w + 3 - 1 - 34*w. What are the prime factors of t(-3)?
2, 23
Suppose -16*n = 30948 - 104494 - 25830. List the prime factors of n.
6211
Let d = -51373 + 88055. What are the prime factors of d?
2, 18341
Let x be 1214/14 + (-8)/(-28). Suppose -11*y - 3*y + 3668 = 0. Let m = y - x. List the prime factors of m.
5, 7
Suppose 142*z = 138*z + 29604. List the prime factors of z.
3, 2467
Suppose 5*r = -7*d + 8*d - 3762, 2*d - 7590 = -r. List the prime factors of d.
2, 3, 79
Suppose 41*m - 5*s = 33*m + 188226, -5*m + 5*s = -117645. What are the prime factors of m?
7, 3361
Let t(c) = -4*c + 44. Let f be t(10). Let u(y) = 19*y**2 + y - 4. List the prime factors of u(f).
2, 19
Let w(h) = 7*h - 12. Let s(f) = 7*f - 13. Suppose 0*g - 5*g - x - 10 = 0, -40 = 5*g - 5*x. Let l(c) = g*s(c) + 4*w(c). List the prime factors of l(8).
47
Let z be (-45)/((-2)/(-6)*-3). Suppose -3*h + 4*k = -29, -3*h - 3*k - 9 = -3. Suppose 0 = -h*r + 3*i + 471, 2*i = r - z - 112. What are the prime factors of r?
157
Let j(s) = -24*s**3 - 78*s**2 - 82*s**2 + 228*s**2 - 75*s**2 + 6 + 5*s. What are the prime factors of j(-4)?
2, 3, 5, 47
Let n(z) = 14*z**2 + 3*z - 2*z**3 + 7 + 4*z**3 - z**3. What are the prime factors of n(-11)?
337
Let k = -114849 + 161975. List the prime factors of k.
2, 23563
Suppose 3*l = -2*x - 39, -2*x + 7 = l + 20. Let y = l + -7. List the prime factors of (-2012)/y - 6/(-15).
101
Suppose -j + 4 = -1, -3068 = -2*r + 2*j. Suppose -r = -2*m - 7*m. What are the prime factors of m?
3, 19
Let x(j) = 2*j**3 + 91*j**2 - 17*j - 117. Let f(k) = -k**3 - 45*k**2 + 8*k + 59. Let q(l) = -13*f(l) - 6*x(l). List the prime factors of q(-39).
13
Let g(z) = -z**3 + 5*z**2 + z - 1. Let j(x) = 3*x - 14*x**3 + 6*x**2 + 11*x**3 - 3*x**2 + 11 - 10. Let s be j(-1). List the prime factors of g(s).
19
Let b(i) be the second derivative of -9*i**3/2 + 37*i**2 + 2*i + 7. What are the prime factors of b(-11)?
7, 53
What are the prime factors of 27932 - 11*26/(-143)?
2, 13967
Let b(l) = l**3 - l**2. Let c be b(2). Suppose 6*p - 6*p = 3*p. Suppose p = -c*g - g + 565. List the prime factors of g.
113
Suppose 8*w + 102104 - 4848 = 2*k, 145986 = 3*k + 5*w. List the prime factors of k.
2, 12163
Let d(v) = -6 + 4 - 1 + 231*v + 0. Let p = 157 + -156. List the prime factors of d(p).
2, 3, 19
Let p be -1*(-8)/(32/12). Suppose -o - 4 = -p*o, -o = 4*b - 966. What are the prime factors of b?
241
Suppose 7*z - 2*z + 20 = 0, 3*x - 1910 = 5*z. Suppose 230 = 2*y - x. Suppose 0 = 2*u + g - 289, -2*g - y = -0*u - 3*u. List the prime factors of u.
2, 3
Suppose -3*u + 42035 = -2*m, 266*m = -u + 270*m + 13995. What are the prime factors of u?
5, 2803
Let v(k) = k**2 + 2*k + 8. Let o be v(0). Suppose 2*l = o*l - 444. Let s = l - -82. What are the prime factors of s?
2, 3, 13
Let s(b) = 55*b**3 - 3*b**2 + 60*b - 212. What are the prime factors of s(4)?
2, 5, 7
Let u be 102/48*58 - 1/4. Let c = u - -523. List the prime factors of c.
2, 17, 19
Let b = 21 + 850. Let q = -419 + b. List the prime factors of q.
2, 113
Suppose 0 = -2*b + 3*h, 0 = -4*b - 4*h + 40 - 0. Suppose -a = 2*k + 29, -k + b*k = 4*a + 90. What are the prime factors of (3 - a)/(4/26)?
2, 7, 13
Let x be (5*35/5)/(-1). Let f be (-5 + x)/8 + (4 - 0). What are the prime factors of (-16)/32 - (f + (-209)/2)?
3, 5, 7
Suppose -84605 = -5*h - 5*z, 23317 + 44207 = 4*h - 28*z. List the prime factors of h.
2, 4229
Suppose -2*k - h = 4*h + 7, 0 = 2*h - 2. List the prime factors of (k + -24)*38/(-3).
2, 5, 19
Let w = 3148 + -2609. List the prime factors of w.
7, 11
Let y(f) = 2*f**2 - 143*f - 2808. What are the prime factors of y(-103)?
31, 1069
Let z = 21729 - 14195. What are the prime factors of z?
2, 3767
What are the prime factors of ((-2668)/46)/((-4)/30)?
3, 5, 29
Let i = -73 + 78. Suppose 6*f - f = -r + 352, i*r - 198 = -3*f. Suppose f = -2*p + 335. What are the prime factors of p?
2, 3, 11
Suppose -3*a + 39057 = 3*d, -33*d + 5*a = -32*d - 13025. What are the prime factors of d?
2, 3, 5, 7, 31
Suppose 146*l + 137*l - 51*l = 2094960. List the prime factors of l.
2, 3, 5, 7, 43
Let d(w) = 2*w**3 + 5*w**2 + 8*w + 2. Let y(c) = 2*c - 21. Let l be y(9). Let k be d(l). Let x = k + 76. List the prime factors of x.
3, 5
Suppose 0 = -80*g + 84*g - 456. Suppose -107*w - 12229 = -g*w. What are the prime factors of w?
1747
Let k = 1463 + 8883. What are the prime factors of k?
2, 7, 739
Let f = 186 - -1004. What are the prime factors of f?
2, 5, 7, 17
Let p = -527 + 465. What are the prime factors of (2 - (p + -3)) + 3?
2, 5, 7
Let b = -855 - -874. Suppose b*t - 1707 - 14538 = 0. List the prime factors of t.
3, 5, 19
Let h be 309 + 5 + 2 + -4. Suppose -14*p + 13*p + h = 0. Suppose 0*o = -2*m + 3*o + 209, 3*o + p = 3*m. List the prime factors of m.
103
List the prime factors of (-73784)/(-5) + 1792/(-640).
2, 3, 2459
Let d = -1507 + 2166. Let u = d - 111. List the prime factors of u.
2, 137
Let v = -122 + 77. List the prime factors of (v - -866) + 4*-2.
3, 271
Suppose -6*t + 2 = -10. List the prime factors of 4395/21 + t/(-7).
11, 19
Let d(k) = -17*k - 12. Let v be 85*((-8)/20 - 0). Let s = -40 - v. List the prime factors of d(s).
2, 3, 5
Suppose 62*v + y + 46025 = 68*v, 2*v - 4*y - 15316 = 0. What are the prime factors of v?
2, 7, 137
Suppose 32 = 148*i - 144*i. Let v(o) = 156*o - 118. What are the prime factors of v(i)?
2, 5, 113
Suppose -25*g - 162799 + 722743 = -7*g. What are the prime factors of g?
2, 7, 11, 101
Let u = 105434 + -57164. List the prime factors of u.
2, 3, 5, 1609
Suppose 4*j = -2*k + 9706, -2*k = 11 - 21. List the prime factors of -13*(3*-1)/(72/j).
13, 101
Suppose b - n - 40 = -4*b, 2*n = -b + 19. Let d be (-3*(-3)/b)/((-2)/74). Let x = d - -156. What are the prime factors of x?
7, 17
Let t(y) = -32*y**2 - 31*y - 10. Let g be t(-4). What are the prime factors of g*6/(0 - 6)?
2, 199
Suppose -257817 = -40*k + 92794 + 62469. What are the prime factors of k?
23, 449
Let n(p) be the second derivative of 0 + 1/20*p**5 + 15*p + 2/3*p**3 + 75*p**2 + 0*p**4. List the prime factors of n(0).
2, 3, 5
Let u(m) = -4*m**2 + m - 7. Let y be u(3). Let t be -7*(y/8 + 1*-3). Let z = t - -34. What are the prime factors of z?
2, 3, 5
Let g(a) = 51*a**3 - 4*a**2 - 7*a - 5. Let f be g(-2). What are the prime factors of -6*3*f/30?
3, 83
Let m(z) = 34*z**2 - z + 6. Let c(u) = 14*u**2 - u + 2. Let g(y) = -7*c(y) + 3*m(y). Let i = 7 + -3. What are the prime factors of g(i)?
2, 3, 7
Let j(l) = l + 10. Let s be j(0). Let m(c) = c**2 - 12*c + 29. Let u be m(s). Suppose f = -5*r + 100, 0 = 4*r + 8*f - u*f - 80. List the prime factors of r.
2, 5
Let r = -154 - -1946. Suppose 17*l - r = -58. List the prime factors of l.
2, 3, 17
Suppose 15791 = 3*c + 5*s, -209*c = -208*c + s - 5261. List the prime factors of c.
7, 751
Let k = -629 + 1041. Suppose -4*p = -2*n - 158 - k, -295 = -2*p - n. Let o = p - 3. List the prime factors of o.
2, 71
Let v(k) = -4*k**3 - 3*k**2 + 12*k - 9. Let m(q) = -5*q**3 - 2*q**2 + 13*q - 10. Let z(o) = 5*m(o) - 6*v(o). List the prime factors of z(-7).
2, 197
Let r = 32366 - 17350. What are the prime factors of r?
2, 1877
List the prime factors of (94/(-6))/(((-20)/(-360))/(376/(-6))).
2, 47
Let j(x) = -34*x**2 - 4*x - 1. Let d(v) = v**2 - v. Let b(i) = 6*d(i) - j(i). Suppose 0 = 2*u + 4*o + 6, -3*u - 5*o + 0 = 7